{"id":260,"date":"2021-03-18T15:09:11","date_gmt":"2021-03-18T15:09:11","guid":{"rendered":"https:\/\/bslthemes.site\/mireya\/?page_id=260"},"modified":"2022-09-10T10:15:27","modified_gmt":"2022-09-10T07:15:27","slug":"satis-kanallari","status":"publish","type":"page","link":"https:\/\/zippycorn.com\/index.php\/satis-kanallari\/","title":{"rendered":"Sat\u0131\u015f Kanallar\u0131"},"content":{"rendered":"\t\t<div data-elementor-type=\"wp-page\" data-elementor-id=\"260\" class=\"elementor elementor-260\">\n\t\t\t\t\t\t\t\t\t<section class=\"elementor-section elementor-top-section elementor-element elementor-element-570206b elementor-section-full_width elementor-section-height-default elementor-section-height-default\" data-id=\"570206b\" data-element_type=\"section\">\n\t\t\t\t\t\t<div class=\"elementor-container elementor-column-gap-no\">\n\t\t\t\t\t<div class=\"elementor-column elementor-col-100 elementor-top-column elementor-element elementor-element-03ae71e\" data-id=\"03ae71e\" data-element_type=\"column\">\n\t\t\t<div class=\"elementor-widget-wrap elementor-element-populated\">\n\t\t\t\t\t\t\t\t<div class=\"elementor-element elementor-element-8698dda elementor-widget elementor-widget-mireya-started\" data-id=\"8698dda\" data-element_type=\"widget\" data-widget_type=\"mireya-started.default\">\n\t\t\t\t<div class=\"elementor-widget-container\">\n\t\t\t\n\t\t\t\t<div class=\"mry-head-bg\">\n\t\t\t<img decoding=\"async\" src=\"https:\/\/zippycorn.com\/wp-content\/uploads\/2022\/09\/ZIPPY-PNG.png\" alt=\"\">\n\t\t\t<div class=\"mry-bg-overlay\"><\/div>\n\t\t<\/div>\n\t\t\n\t\t<div class=\"mry-banner mry-p-140-0 mry-p-0-100\">\n\t\t\t<div class=\"container\">\n\t\t\t\t<div class=\"mry-main-title mry-title-center\">\n\t\t\t\t\t\t\t\t\t\t<div class=\"mry-subtitle mry-mb-20 mry-fo\">\n\t\t\t\t\t\t<span >\n\t\t\t          \t\t\u00dcr\u00fcn\u00fcm\u00fcz\u00fc alabilece\u011finiz kanallar\t\t\t          \t<\/span>\n\t\t\t\t\t<\/div>\n\t\t\t\t\t\t\t\t\t\t\t\t\t\t\t<h1 class=\"mry-mb-20 mry-fo mry-title--h\">\n\t\t\t\t\t\t<span >\n\t\t\t          \t\tPazaryerleri\t\t\t          \t<\/span><br>\n\t\t\t\t\t\t<span class=\"mry-border-text\">\n\t\t\t\t\t\t\t<span >\n\t\t\t\t          \t\tSat\u0131\u015f Kanallar\u0131\t\t\t\t          \t<\/span>\n\t\t\t\t\t\t<\/span>\n\t\t\t\t\t\t<span class=\"mry-animation-el\"><\/span>\n\t\t\t\t\t<\/h1>\n\t\t\t\t\t\t\t\t\t\t\t\t\t\t\t<div class=\"mry-text mry-fo\">\n\t\t\t\t\t\t<span >\n\t\t\t          \t\t\u00dcr\u00fcn\u00fcm\u00fcz\u00fc A\u015fa\u011f\u0131daki Kanallardan Sat\u0131n Alabilirsiniz\t\t\t          \t<\/span>\n\t\t\t\t\t<\/div>\n\t\t\t\t\t\t\t\t\t\t\t\t\t\t\t<div class=\"mry-scroll-hint-frame\">\n\t\t\t\t\t\t<a class=\"mry-scroll-hint mry-smooth-scroll mry-magnetic-link mry-fo\" href=\"#mry-anchor\">\n\t\t\t\t\t\t\t<span class=\"mry-magnetic-object\"><\/span>\n\t\t\t\t\t\t<\/a>\n\t\t\t\t\t\t<div class=\"mry-label mry-fo\">\n\t\t\t\t\t\t\t<span >\n\t\t\t\t          \t\tA\u015fa\u011f\u0131 Kayd\u0131r\u0131n\t\t\t\t          \t<\/span>\n\t\t\t\t\t\t<\/div>\n\t\t\t\t\t<\/div>\n\t\t\t\t\t\t\t\t\t<\/div>\n\t\t\t<\/div>\n\t\t<\/div>\n\n\t\t\t\t<\/div>\n\t\t\t\t<\/div>\n\t\t\t\t\t<\/div>\n\t\t<\/div>\n\t\t\t\t\t\t\t<\/div>\n\t\t<\/section>\n\t\t\t\t<section class=\"elementor-section elementor-top-section elementor-element elementor-element-e00ba13 elementor-section-boxed elementor-section-height-default elementor-section-height-default\" data-id=\"e00ba13\" data-element_type=\"section\">\n\t\t\t\t\t\t<div class=\"elementor-container elementor-column-gap-default\">\n\t\t\t\t\t<div class=\"elementor-column elementor-col-33 elementor-top-column elementor-element elementor-element-df17984\" data-id=\"df17984\" data-element_type=\"column\">\n\t\t\t<div class=\"elementor-widget-wrap elementor-element-populated\">\n\t\t\t\t\t\t\t\t<div class=\"elementor-element elementor-element-f386e5a elementor-widget elementor-widget-image\" data-id=\"f386e5a\" data-element_type=\"widget\" data-widget_type=\"image.default\">\n\t\t\t\t<div class=\"elementor-widget-container\">\n\t\t\t<style>\/*! elementor - v3.7.2 - 21-08-2022 *\/\n.elementor-widget-image{text-align:center}.elementor-widget-image a{display:inline-block}.elementor-widget-image a img[src$=\".svg\"]{width:48px}.elementor-widget-image img{vertical-align:middle;display:inline-block}<\/style>\t\t\t\t\t\t\t\t\t\t\t\t\t<a href=\"https:\/\/www.hepsiburada.com\/zippy-popcorn-mikrodalga-misir-80-gr-15-li-paket-p-HBV000010APCC?magaza=ALFETEK-GIDA\" target=\"_blank\">\n\t\t\t\t\t\t\t<img loading=\"lazy\" decoding=\"async\" width=\"800\" height=\"480\" src=\"https:\/\/zippycorn.com\/wp-content\/uploads\/2022\/08\/hepsiburada-ideasoft-logo.png\" class=\"attachment-large size-large\" alt=\"\" srcset=\"https:\/\/zippycorn.com\/wp-content\/uploads\/2022\/08\/hepsiburada-ideasoft-logo.png 800w, https:\/\/zippycorn.com\/wp-content\/uploads\/2022\/08\/hepsiburada-ideasoft-logo-300x180.png 300w, https:\/\/zippycorn.com\/wp-content\/uploads\/2022\/08\/hepsiburada-ideasoft-logo-768x461.png 768w, https:\/\/zippycorn.com\/wp-content\/uploads\/2022\/08\/hepsiburada-ideasoft-logo-256x154.png 256w\" sizes=\"auto, (max-width: 800px) 100vw, 800px\" \/>\t\t\t\t\t\t\t\t<\/a>\n\t\t\t\t\t\t\t\t\t\t\t\t\t\t\t<\/div>\n\t\t\t\t<\/div>\n\t\t\t\t\t<\/div>\n\t\t<\/div>\n\t\t\t\t<div class=\"elementor-column elementor-col-33 elementor-top-column elementor-element elementor-element-3329b9d\" data-id=\"3329b9d\" data-element_type=\"column\">\n\t\t\t<div class=\"elementor-widget-wrap elementor-element-populated\">\n\t\t\t\t\t\t\t\t<div class=\"elementor-element elementor-element-366f5a1 elementor-widget elementor-widget-image\" data-id=\"366f5a1\" data-element_type=\"widget\" data-widget_type=\"image.default\">\n\t\t\t\t<div class=\"elementor-widget-container\">\n\t\t\t\t\t\t\t\t\t\t\t\t\t\t\t\t<a href=\"https:\/\/www.trendyol.com\/zippy-popcorn\/mikrodalgada-patlayan-misir-15-li-paket-15-x-80-gr-p-54539119?merchantId=246851&#038;filterOverPriceListings=false\" target=\"_blank\">\n\t\t\t\t\t\t\t<img loading=\"lazy\" decoding=\"async\" width=\"800\" height=\"480\" src=\"https:\/\/zippycorn.com\/wp-content\/uploads\/2022\/08\/trendyol.png\" class=\"attachment-large size-large\" alt=\"\" srcset=\"https:\/\/zippycorn.com\/wp-content\/uploads\/2022\/08\/trendyol.png 800w, https:\/\/zippycorn.com\/wp-content\/uploads\/2022\/08\/trendyol-300x180.png 300w, https:\/\/zippycorn.com\/wp-content\/uploads\/2022\/08\/trendyol-768x461.png 768w, https:\/\/zippycorn.com\/wp-content\/uploads\/2022\/08\/trendyol-256x154.png 256w\" sizes=\"auto, (max-width: 800px) 100vw, 800px\" \/>\t\t\t\t\t\t\t\t<\/a>\n\t\t\t\t\t\t\t\t\t\t\t\t\t\t\t<\/div>\n\t\t\t\t<\/div>\n\t\t\t\t\t<\/div>\n\t\t<\/div>\n\t\t\t\t<div class=\"elementor-column elementor-col-33 elementor-top-column elementor-element elementor-element-ca8e71b\" data-id=\"ca8e71b\" data-element_type=\"column\">\n\t\t\t<div class=\"elementor-widget-wrap elementor-element-populated\">\n\t\t\t\t\t\t\t\t<div class=\"elementor-element elementor-element-86e723c elementor-widget elementor-widget-image\" data-id=\"86e723c\" data-element_type=\"widget\" data-widget_type=\"image.default\">\n\t\t\t\t<div class=\"elementor-widget-container\">\n\t\t\t\t\t\t\t\t\t\t\t\t\t\t\t\t<a href=\"https:\/\/www.n11.com\/urun\/zippy-popcorn-mikrodalgada-patlayan-misir-80-g-1598558?magaza=alfetek-zippycorn\" target=\"_blank\">\n\t\t\t\t\t\t\t<img loading=\"lazy\" decoding=\"async\" width=\"800\" height=\"480\" src=\"https:\/\/zippycorn.com\/wp-content\/uploads\/2022\/08\/n11.png\" class=\"attachment-large size-large\" alt=\"\" srcset=\"https:\/\/zippycorn.com\/wp-content\/uploads\/2022\/08\/n11.png 800w, https:\/\/zippycorn.com\/wp-content\/uploads\/2022\/08\/n11-300x180.png 300w, https:\/\/zippycorn.com\/wp-content\/uploads\/2022\/08\/n11-768x461.png 768w, https:\/\/zippycorn.com\/wp-content\/uploads\/2022\/08\/n11-256x154.png 256w\" sizes=\"auto, (max-width: 800px) 100vw, 800px\" \/>\t\t\t\t\t\t\t\t<\/a>\n\t\t\t\t\t\t\t\t\t\t\t\t\t\t\t<\/div>\n\t\t\t\t<\/div>\n\t\t\t\t\t<\/div>\n\t\t<\/div>\n\t\t\t\t\t\t\t<\/div>\n\t\t<\/section>\n\t\t\t\t\t\t\t<\/div>\n\t\t","protected":false},"excerpt":{"rendered":"<p>\u00dcr\u00fcn\u00fcm\u00fcz\u00fc alabilece\u011finiz kanallar Pazaryerleri Sat\u0131\u015f Kanallar\u0131 \u00dcr\u00fcn\u00fcm\u00fcz\u00fc A\u015fa\u011f\u0131daki Kanallardan Sat\u0131n Alabilirsiniz A\u015fa\u011f\u0131 Kayd\u0131r\u0131n<\/p>\n","protected":false},"author":1,"featured_media":0,"parent":0,"menu_order":0,"comment_status":"closed","ping_status":"closed","template":"template-layout-builder.php","meta":{"footnotes":""},"class_list":["post-260","page","type-page","status-publish","hentry"],"acf":[],"_links":{"self":[{"href":"https:\/\/zippycorn.com\/index.php\/wp-json\/wp\/v2\/pages\/260","targetHints":{"allow":["GET"]}}],"collection":[{"href":"https:\/\/zippycorn.com\/index.php\/wp-json\/wp\/v2\/pages"}],"about":[{"href":"https:\/\/zippycorn.com\/index.php\/wp-json\/wp\/v2\/types\/page"}],"author":[{"embeddable":true,"href":"https:\/\/zippycorn.com\/index.php\/wp-json\/wp\/v2\/users\/1"}],"replies":[{"embeddable":true,"href":"https:\/\/zippycorn.com\/index.php\/wp-json\/wp\/v2\/comments?post=260"}],"version-history":[{"count":8,"href":"https:\/\/zippycorn.com\/index.php\/wp-json\/wp\/v2\/pages\/260\/revisions"}],"predecessor-version":[{"id":799,"href":"https:\/\/zippycorn.com\/index.php\/wp-json\/wp\/v2\/pages\/260\/revisions\/799"}],"wp:attachment":[{"href":"https:\/\/zippycorn.com\/index.php\/wp-json\/wp\/v2\/media?parent=260"}],"curies":[{"name":"wp","href":"https:\/\/api.w.org\/{rel}","templated":true}]}}